late the greatest common factor of s and 15503.
37
Let l = -101 - -178. Let o(b) = 2*b**2 - 3*b - 4. Let a be o(3). Suppose 0*i + 29 = 4*h + 3*i, -a*h - i = -50. What is the greatest common factor of h and l?
11
Let v be (85/15 + -1)*3. Let d(m) = m**3 - 9*m**2 + 11*m - 3. Let t be d(8). Let b = t - v. Calculate the highest common divisor of b and 77.
7
Let p be (-2 + -26)*(-2)/(-2 + 4). Let i(a) = 4*a + 3. Let n be i(-1). Let z(m) = -44*m - 2. Let s be z(n). What is the highest common factor of p and s?
14
Let s(i) = 135*i + 1. Suppose -14*c - c = 15. Let r be s(c). Let h = 260 + r. Calculate the greatest common factor of 36 and h.
18
Let t(m) = 5*m**3 + 71*m**2 + 15*m + 17. Let n be t(-14). Let k(f) = f - 4. Let x be k(9). Suppose 1 = -x*b + 6. What is the highest common divisor of n and b?
1
Let h be (672/216)/(-28) + ((-229610)/9)/(-2). What is the greatest common factor of h and 12?
12
Suppose -34*t = -39*t + 480. Suppose -988*v = -989*v + t. What is the greatest common divisor of 24 and v?
24
Let d = -36 + 84. Suppose -2*o = 2*o - d. Suppose 4*t - o*t = -2072. Calculate the greatest common divisor of t and 37.
37
Let o be (-6)/(-15)*(-15 + 10). Let v(k) = -42*k - 77. Let c be v(o). Calculate the greatest common divisor of c and 371.
7
Let r be (-32)/(-1)*25/2. Let x = -526104 + 526120. Calculate the highest common divisor of r and x.
16
Suppose 4*g + u = 241, 5*g = -u + 250 + 52. Let c = 64 - g. Suppose 0*o = -c*o + 24. What is the highest common factor of 64 and o?
8
Let r(y) = 5182*y + 25985. Let d be r(-5). Let f = 447 + 78. What is the highest common factor of d and f?
75
Let n be (-5 - 138/(-30))*-10. Suppose n*f - 13 = 7. What is the greatest common factor of f and 80?
5
Let d be 1199/2*(24 - (-2 - -18)). What is the highest common divisor of d and 44?
44
Let h = -3 - -22. Suppose 5*b + m + 147 = 0, 0 = 5*m + 2 - 17. Let p = 8 - b. Calculate the greatest common factor of p and h.
19
Suppose -2*x = -5*x + 18. Suppose 4 = -l + m + x, 3*m - 3 = 0. Suppose 54 + 36 = l*p. What is the greatest common divisor of 75 and p?
15
Let o(x) = 16*x**2 - 354*x - 72. Let a be o(23). Calculate the greatest common divisor of a and 230.
10
Suppose 5*g + 1923 - 4453 = 0. What is the highest common factor of g and 66?
22
Let t(f) be the second derivative of 11*f**3/6 + 81*f**2 - 185*f. Let n be t(48). Calculate the greatest common divisor of n and 90.
30
Suppose 3*k = -2*k + 2*q + 482, 4 = q. Let t = 722 + -708. What is the highest common factor of k and t?
14
Suppose 5*l - 6 = 3*l. Let f be (-3)/1*(-20)/l. Let y be ((-5 + 3)*5)/((-7)/14). What is the greatest common factor of f and y?
20
Suppose -2*v + 92 = -4*s, 2*v - 3*s = 5*v - 129. Suppose 301*g - 19899 - 13211 = 0. Calculate the greatest common divisor of g and v.
22
Suppose 0 = -d - 3*d + 256. Let w(c) = -153*c - 29796. Let h be w(-196). Calculate the greatest common factor of d and h.
64
Let w(q) = q**2 + 7*q + 1. Let h be w(-8). Suppose -4*s = -5*d + 166, 1 - 11 = -d - 5*s. What is the greatest common divisor of h and d?
3
Let u be 32/18 - 2 - (-15334)/612*4. Calculate the highest common factor of u and 1280.
20
Let f be 1 - (-3 - (-2)/(-1)). Let y(p) = p**3 + 7*p**2 - 68*p - 78. Let q be y(-11). Calculate the highest common divisor of f and q.
6
Let q be 3 + (0 - 4) + -2. Let t be (-14)/q*(-27)/(-18). Suppose 3*a + 60 = 4*j - t, j + 2*a = 14. Calculate the highest common factor of 16 and j.
16
Let l(i) = 35*i**2 + 630*i + 6. Let q be l(-18). What is the highest common factor of 831 and q?
3
Let c = 1 - -17. Let s = -16 + c. Suppose 142 = 5*o - s*a, 0 = -3*o - 0*a - a + 94. Calculate the greatest common factor of o and 20.
10
Let r(o) = 45*o**2 + 4*o - 4. Let c = 55 + -61. Let h(p) = -p**2 - 6*p + 2. Let u be h(c). Let x be r(u). Calculate the greatest common factor of x and 23.
23
Let t(j) = -j**3 + 3*j**2 + 3*j - 4. Let h be t(3). Let i(u) = 170*u - 18660. Let p be i(110). Calculate the greatest common factor of p and h.
5
Let b be 34*((-13 - 175) + -6)/(2/(-1)). Calculate the greatest common divisor of b and 272.
34
Suppose 9*n - 1124 = 604. What is the highest common factor of 60 and n?
12
Let m be (-14)/(-2) - 3 - (-94 + 15). Let f = 101 - m. Calculate the highest common factor of 42 and f.
6
Suppose 162 = 4*x - 5*k, -419*k - 106 = -3*x - 423*k. What is the greatest common factor of 3781 and x?
19
Let o be -12 - -14 - (4 + -4*3). Let l be o/(-6)*32*(-894)/596. What is the highest common divisor of 30 and l?
10
Let s(d) be the second derivative of -10*d**3/3 - 15*d**2/2 - 130*d. Let u be 4/6*(-6 + 3). Let a be s(u). What is the greatest common divisor of a and 225?
25
Suppose 9*w - 4*w = 760. Let o(g) = 2*g**3 - 29*g**2 - 38*g + 30. Let v be o(16). What is the highest common factor of v and w?
38
Let x = 27 - 35. Let u be -1*4/(x/30). What is the greatest common divisor of u and 165?
15
Let z = -16192 + 26763. What is the highest common factor of 22 and z?
11
Let w be (4 - 2)*1/(-5) - 55818747/(-1455). What is the greatest common divisor of w and 169?
169
Suppose -q - 2*q = -105. Let u(t) = -75*t + 2. Let g be u(-1). Let a = 91 - g. What is the highest common factor of q and a?
7
Let g(m) = m**3 + 34*m**2 + 91*m - 26. Let p be g(-31). What is the greatest common factor of 48 and p?
12
Let p(i) = 3*i**2 + 27*i + 64. Let b be p(-8). Calculate the greatest common divisor of b and 155.
5
Let j(a) = 3. Let o(y) = -3*y + 27. Let d(x) = 72*j(x) + 3*o(x). Let i be d(29). Calculate the highest common divisor of i and 81.
9
Suppose 11*a + 4*s = 10*a + 9, 5*s - 5 = 0. Let j be (-1*2)/(1/(-14)). Let g = j + -18. Calculate the greatest common factor of g and a.
5
Suppose 0 = 17*h + 5*h - 2066 + 658. Suppose -3*l + 950 = n + 4*n, 4*l + 4*n = 1272. Calculate the greatest common factor of l and h.
64
Let x(y) = -17*y - 214. Let a be x(-11). Let u be ((-14)/(-3))/(a/(-1863)). Let q be (-2 + -1)/(3/(-46)). What is the greatest common factor of q and u?
46
Let o be (-1 - 1)/((-4)/14 + (-1365)/(-5635)). Calculate the greatest common factor of 18860 and o.
46
Suppose 0 = -56*o - 80*o - 7616. Suppose 0 = -q - 3*n + 48 + 4, 2 = -n. Let l = o + q. What is the highest common divisor of l and 22?
2
Let h be (10720/2948)/((-1)/(-11)). What is the greatest common divisor of h and 356?
4
Let l be 22/(-4)*(-3 + -65). Let w be 2/((-20)/(-8) + -2). Suppose -68 = -2*c + 4*q, -w*q = -4*c - 3*q + 136. Calculate the greatest common factor of l and c.
34
Suppose -2*h + 2*k = 1015 - 2673, -3*h = -2*k - 2488. Suppose -226 - h = -6*v. Calculate the highest common divisor of v and 16.
16
Let t(i) = -16*i + 577. Let c be t(33). Calculate the highest common factor of 931 and c.
49
Suppose -2*j + 32 = 30, 0 = 5*h + 5*j - 110. What is the greatest common divisor of 5376 and h?
21
Suppose -3*z = 3*i - 1206, -41*i + 44*i - 1200 = -5*z. Suppose 5 = -10*j + i. Calculate the highest common factor of j and 88.
8
Let d be 12 - 28/(-126)*-1*(-8 - 1). Calculate the highest common factor of 322 and d.
14
Let u(s) = -5*s + 38. Let k be u(-20). Calculate the highest common divisor of 184 and k.
46
Suppose -55*p - 40*p - 4048 = -15733. What is the highest common factor of p and 9717?
123
Let k(u) be the third derivative of u**5/60 - 13*u**4/12 - 21*u**3/2 + 50*u**2. Let n be k(31). Calculate the highest common divisor of n and 69.
23
Let a be 33719/35 + (-6)/15 + 45 + -51. What is the highest common divisor of 165 and a?
33
Let w be (67 - -1)*11/2. Suppose 40*f - 1579 - 1286 = -4*f - 929. Calculate the highest common factor of w and f.
22
Let t = -103 - -217. Suppose 640 = -t*w + 119*w. What is the greatest common divisor of w and 16?
16
Let z(m) = 3*m**3 + 5*m**2 - 5*m + 5. Let k be z(5). Suppose -202 = -2*x - 2*u, -47*u + 1622 = 17*x - 49*u. Calculate the greatest common divisor of k and x.
96
Let d be 169 - ((-1)/2)/((14/4)/(-7)). Calculate the greatest common factor of d and 1848.
168
Let p(h) = 2*h**3 + 51*h**2 + 11*h - 135. Let r be p(-25). Let i(d) = 5*d**2 - 10*d - 3. Let m be i(7). What is the highest common divisor of r and m?
43
Suppose -4*r + 3 - 9 = -5*u, 14 = -r - 5*u. Let d be (-6 - r)*(-1)/2. Let w be -3*(-49)/42 - d/2. Calculate the greatest common factor of 24 and w.
3
Let f = 19874 + -19622. Calculate the greatest common di